ive r(x).
5
Suppose 2*u = 3*q + 105, 5*u - u - 186 = -2*q. Suppose -65*h + 61*h + u = 0. Suppose 2*s - h = 8*s. Let v(n) = -3*n**2 - 3*n. What is v(s)?
-6
Let i = -195 - -128. Let t = i - -80. Let v(y) = y**3 - 12*y**2 - 13*y + 5. Determine v(t).
5
Suppose 30 = 4*c - c. Let s = 8 - c. Let n(i) = -5*i**2 + 4*i + 2. Let p(v) = v**2 - v - 1. Let h(o) = n(o) + 4*p(o). Calculate h(s).
-6
Let d(c) = 11*c - 468. Let o(b) = 44*b + 702. Let x be o(-15). Calculate d(x).
-6
Let d = -24 + 28. Suppose 0 = d*z + 2*z - 0*z. Let s(g) = -12*g**2 + z + g**3 - 12*g**2 - 3 - g + 30*g**2. What is s(-6)?
3
Let t(f) be the first derivative of f**5/60 - f**4/6 - 11*f**3/3 + 43. Let r(a) be the third derivative of t(a). Calculate r(-8).
-20
Let v = 3267 + -3277. Let f(t) = 5*t**2 + 49*t - 10. What is f(v)?
0
Let d(r) = -r + 19. Let w be d(13). Suppose w*i - 11*i = 0. Let b(x) = -4*x - 10*x**3 + 5 - 2*x**2 + 11*x**3 + i*x - 3. Calculate b(3).
-1
Let v(s) = 3*s**3 - 9*s**2 + 6*s + 2. Let t(y) = 7*y**3 - 21*y**2 + 14*y + 5. Let u(g) = -2*t(g) + 5*v(g). Let x be 0 - -1 - (4 - 5). Give u(x).
0
Let k(o) = -o**2 - 29*o - 4. Let a(n) = -3*n + 1. Let b(l) = -6*a(l) + k(l). Let r be b(-9). Let c(d) = -3*d + 3. What is c(r)?
-21
Let i(u) = -4*u - 3. Let v(q) be the first derivative of -q**2 - 28*q + 1383. Let h(n) = n**2 - 7*n - 6. Let x be h(6). Let l be v(x). Determine i(l).
13
Let h(f) = 2*f + 1. Let j be 3 + -9 - 8/2. Let q(l) = -3*l - 18. Let s be q(j). Let v be (3/(-3))/(4 + (-51)/s). Give h(v).
9
Suppose -10*r + 252 + 38 = 0. Let c(b) = -b**3 + 28*b**2 + 29*b + 1. Determine c(r).
1
Let l(o) be the second derivative of -o**4/24 - 5*o**3/6 + 58*o**2 - 2*o - 70. Let y(j) be the first derivative of l(j). Let s = -2 - 3. Give y(s).
0
Let d(n) = -22 - n**2 - 2 + 4 - 17 - 19 + 28*n. What is d(26)?
-4
Let a(c) be the first derivative of 3*c**6/40 + c**5/30 - c**3/6 - 24*c**2 - 2*c - 39. Let q(v) be the second derivative of a(v). What is q(1)?
10
Let b(c) = -4*c - 24. Let l be b(-7). Suppose 4 = -l*o + 8*o, -2*z - 3*o + 11 = 0. Let f(k) = 2*k**2 - 6*k + 3. Give f(z).
11
Let c = 4440 + -4433. Let m(s) = 8*s - 49. Calculate m(c).
7
Suppose 0 = 14*x - 17*x + z - 33, 2*z = 3*x + 36. Let p(m) = m + 11. Calculate p(x).
1
Let d(j) = -4*j - 4. Let a(r) = -2*r + 7. Let z(i) = -i + 3. Let g(t) = -2*a(t) + 5*z(t). Let c(m) = -d(m) + 5*g(m). Let o = 195 + -202. What is c(o)?
16
Let y(b) = -b**3 - 7*b**2 - 6*b + 1. Let l = -831 - -828. What is y(l)?
-17
Suppose -4*a = 5*h + 55 - 3, -h = 2*a + 20. Let s(q) = -11*q - 99. Let i be s(a). Let p(r) = r**2 + 10*r - 8. Determine p(i).
3
Let u(j) = 5*j + 1. Let p = -21 - -21. Let a(v) = v**3 - v**2 - 2*v + 11. Let c be a(p). Let y(f) = -9*f - 3. Let m(q) = c*u(q) + 6*y(q). What is m(6)?
-1
Suppose -s + 88 = 5*d, -62 = -4*d + 5*s - 10*s. Let j(l) = -15*l - 21 + 35 - l**2 + d*l. Calculate j(7).
-14
Let q(h) be the second derivative of -h**7/840 + h**6/72 - h**4/12 + 19*h**3/6 - 51*h. Let i(p) be the second derivative of q(p). Give i(5).
-2
Let m(f) = 9*f**3 - 40*f**2 - 5*f + 42. Let u(z) = -19*z**3 + 80*z**2 + 6*z - 90. Let d(r) = 13*m(r) + 6*u(r). Calculate d(14).
-8
Let y(r) = r**2 + 7*r + 5. Let g be y(-6). Let d(b) = -15*b. Let o(k) = -54*k - 1. Let q(j) = -3*d(j) + o(j). What is q(g)?
8
Let g be (-1260)/378 + (-4)/6. Let z(l) = 3*l**3 + 3*l**2 - 5*l. What is z(g)?
-124
Let d(s) be the third derivative of -s**4/4 + 107*s**3/3 - 59*s**2 + 8*s. What is d(36)?
-2
Let g(y) be the second derivative of y**5/20 - 5*y**4/4 + y**3/3 - 12*y**2 - 13*y + 28. Calculate g(15).
6
Suppose -2*c = 12 + 12. Let q = c - -6. Let h be (-3)/q*-4 + 6. Let p(i) = -i**3 + 6*i**2 - 6*i + 3. Give p(h).
11
Suppose f + 3*g - 62 = 0, 2*g + 42 = f - 5. Suppose 27 + f = -20*y. Let k(d) = 2*d. What is k(y)?
-8
Let m(c) = -3*c**2 - 2*c - 2. Suppose 5*o + 3*s - 438 = -s, o - 3*s - 80 = 0. Let n = o + -77. Suppose 0 = 5*f + 6 + n. What is m(f)?
-23
Let u = 1820 + -1825. Let r(f) = f**3 + 6*f**2 + 2*f - 11. Calculate r(u).
4
Let n(i) = -i**3 - 5*i + 3. Let d(o) = 5*o**2 + 6*o - 4. Let q(h) = d(h) + n(h). Suppose 0 = 4*w + 5*r - 20, w - 6*w = -5*r - 25. Determine q(w).
4
Suppose 2*r - 5*r = -6, -5*r = -f - 9. Let w be f/2 + (-77)/22. Let m(o) = -o**2 - 6*o - 7. Calculate m(w).
2
Let z(j) = -2*j - 15. Let h(d) = -10*d - 78. Let r(t) = 2*h(t) - 11*z(t). Give r(-7).
-5
Suppose 302*t = 331*t - 58. Let g(k) be the second derivative of 1/12*k**4 + 0 - 9*k - 1/2*k**3 - 1/2*k**t. What is g(3)?
-1
Suppose 0 = 11*q - 13*q + 6. Let k(c) = -643*c**2 + 3 + 3*c**3 - 2*c**q + 6 + 644*c**2. What is k(0)?
9
Let d(l) = l**3 + l**2 + 2*l + 1. Let c be (-6)/9 - 40/(-6). Let b be (-4)/((c/(-9))/((-8)/(-12))). Let k be (1 - b)*((-20)/(-6) - 3). Calculate d(k).
-1
Let j(d) be the third derivative of 0 + 1/2*d**3 + 94*d**2 + 0*d - 1/24*d**4. What is j(0)?
3
Let h(q) = -272*q + 9. Let l(n) = 45*n - 1. Let o(r) = -h(r) - 6*l(r). Give o(15).
27
Let r = 13161 - 13156. Let h(n) = -2*n**3 + 9*n**2 - 7*n + 18. Calculate h(r).
-42
Let y(c) = -4*c - 3. Let l(n) = 13*n + 9. Suppose 71*k - 69*k = -4. Let v(t) = k*l(t) - 7*y(t). Calculate v(-4).
-5
Let u(v) be the second derivative of v**5/20 - 5*v**4/6 - 5*v**3/2 + 23*v**2 + 254*v + 4. Determine u(11).
2
Let f(z) = -2*z**2 - 9*z + 424. Let x(g) = g**2 + 5*g - 212. Let n(w) = 6*f(w) + 11*x(w). Let l(s) be the first derivative of n(s). Calculate l(-1).
3
Let y(a) = -a**2 - 8*a - 5. Let q be y(-8). Let v(n) = 6*n - 249. Let m be v(42). Let o(h) = -120*h**2 + 3*h - m + 62*h**2 + 59*h**2. Determine o(q).
7
Suppose -60*v = -48*v - 32 + 8. Let d(w) be the first derivative of 20 + 0*w - 1/2*w**v. Calculate d(6).
-6
Let l(y) = 3*y**2 + y. Let g(w) = -w**2 + 1. Suppose 5*x + 17 = 7. Let h(u) = x*g(u) - l(u). Give h(-2).
-4
Let w(k) be the first derivative of -k**3/3 + 5*k**2/2 - 7*k + 1. Let l(x) = -5*x**3 + x**2 + 2*x + 1. Let n be l(2). Let t = n + 37. Determine w(t).
-13
Suppose 6*i = -3*i + 18. Let w(f) = -13218*f**3 - i*f - 2 + 2*f**2 + 13223*f**3 + 3. Determine w(1).
6
Let k(i) = 82575*i - 41289*i - 41287*i + 24. What is k(-2)?
26
Let o(z) be the third derivative of z**5/60 + 7*z**4/24 + 17*z**3/6 - 396*z**2 + 6*z. What is o(-5)?
7
Let g(w) = 14*w**3 - 20*w**2 + 10. Let o(p) = -40*p**3 + 59*p**2 - 28. Let a(r) = -17*g(r) - 6*o(r). What is a(7)?
-2
Let v = 68 + -66. Let j = -66 - -69. Let b(w) = -6*w + 5 + w**3 + 6*w + 0*w**j + 5*w**v - 5*w. What is b(-6)?
-1
Suppose 5*x = -3*a + 118 + 36, -5*a = -4*x - 269. Let q(d) = -3 + 0 + 101*d + 0 - 51*d - a*d. Give q(4).
-15
Let u(a) = 10*a**2 - 9*a + 12. Let m be u(4). Let p = 152 - m. Suppose -18*n + p*n = z - 10, 5*z = 5*n + 20. Let f(r) = r**2 - 5*r + 9. Give f(z).
15
Let p(n) = 13*n - 2*n - 13*n - 16*n**2 + 18*n**2. Calculate p(2).
4
Let z(o) = -1214 + 2*o**3 - 1217 + 11*o + 2421 - 15*o**2. Determine z(7).
18
Let i(l) be the third derivative of -l**6/120 - l**5/30 + 4*l**4/3 - 2*l**3/3 - 8036*l**2. Calculate i(5).
-19
Let g = -18347 + 18334. Let h(m) = -5*m**2 - 67*m - 19. Determine h(g).
7
Let f(d) = d + 1. Suppose 0 = 3*z - 2*o + 17, 7 = -5*z + 2*o - 4*o. Let q(i) = -4*i**2 - 2*i**3 - 3*i + 1 + i**3 - 5. Let k be q(z). Determine f(k).
-3
Let a(g) = 6*g - 136. Let d be a(24). Let t(l) = 15*l - 3 + d*l + 14*l - 26*l. Determine t(2).
19
Let y be 2/3 + (-84)/(-36). Suppose 0 = -0*f + 2*f + y*f. Let p(w) = -4 - 2*w - 1 + f + 6. What is p(-3)?
7
Let b(w) = -w**2 + 8*w - 1. Let j be 0 + -33 - (21 - 21). Let t be ((110/j)/(2/3))/(-1). Determine b(t).
14
Let w(x) = -x**3 + 10*x**2 - 8*x - 8. Suppose -4*u = -2*l + 18 + 2, -5*l + 4*u + 44 = 0. Let z be 2 - -3 - (l - 12). What is w(z)?
1
Suppose 0 = 184*s - 298 - 438. Let c(l) = -l**2 + 9*l - 28. Calculate c(s).
-8
Let l(p) = 8*p + p**2 - 59*p**3 + 25 - 113*p + 101*p - 21. Give l(1).
-58
Suppose 3*b - 29 - 16 = 3*j, -3*j - 66 = 4*b. Let k be ((-30)/j - 2)*-3. Let u(q) = 16*q + 1. Calculate u(k).
17
Let t(u) be the second derivative of u**3/6 + 10*u**2 + 166*u. Determine t(-6).
14
Suppose 0 = t + t - 5*q - 12, -4*q = 2*t - 30. Let p(f) = 12 - 20*f + 64*f - 14*f - 9*f - 11*f - f**3 + 10*f**2. Calculate p(t).
1
Let r(b) = b + 21. Suppose x - 42 = 4*l + 16, 5*l + 3*x = -47. What is r(l)?
8
Let j be (-1)/(1/6) + 1. Let w(c) be the second derivative of c**4/12 + c**3/2 + c**2/2 + 20*c - 5099.